{"id":295,"date":"2022-11-04T13:47:29","date_gmt":"2022-11-04T12:47:29","guid":{"rendered":"https:\/\/lunadrx.cluster028.hosting.ovh.net\/?page_id=295"},"modified":"2023-03-30T02:00:56","modified_gmt":"2023-03-30T00:00:56","slug":"marques-pages","status":"publish","type":"page","link":"https:\/\/mllelouli.art\/index.php\/marques-pages\/","title":{"rendered":""},"content":{"rendered":"\t\t<div data-elementor-type=\"wp-page\" data-elementor-id=\"295\" class=\"elementor elementor-295\" data-elementor-post-type=\"page\">\n\t\t\t\t\t\t<section class=\"elementor-section elementor-top-section elementor-element elementor-element-dc26ad8 elementor-section-boxed elementor-section-height-default elementor-section-height-default\" data-id=\"dc26ad8\" data-element_type=\"section\" data-e-type=\"section\">\n\t\t\t\t\t\t<div class=\"elementor-container elementor-column-gap-default\">\n\t\t\t\t\t<div class=\"elementor-column elementor-col-50 elementor-top-column elementor-element elementor-element-20c3c73\" data-id=\"20c3c73\" data-element_type=\"column\" data-e-type=\"column\">\n\t\t\t<div class=\"elementor-widget-wrap elementor-element-populated\">\n\t\t\t\t\t\t<div class=\"elementor-element elementor-element-73e7acf elementor-widget elementor-widget-image\" data-id=\"73e7acf\" data-element_type=\"widget\" data-e-type=\"widget\" data-widget_type=\"image.default\">\n\t\t\t\t<div class=\"elementor-widget-container\">\n\t\t\t\t\t\t\t\t\t\t\t\t\t\t\t<img fetchpriority=\"high\" decoding=\"async\" width=\"724\" height=\"1024\" src=\"https:\/\/mllelouli.art\/wp-content\/uploads\/2023\/03\/41571-724x1024.png\" class=\"attachment-large size-large wp-image-498\" alt=\"\" srcset=\"https:\/\/mllelouli.art\/wp-content\/uploads\/2023\/03\/41571-724x1024.png 724w, https:\/\/mllelouli.art\/wp-content\/uploads\/2023\/03\/41571-212x300.png 212w, https:\/\/mllelouli.art\/wp-content\/uploads\/2023\/03\/41571-768x1086.png 768w, https:\/\/mllelouli.art\/wp-content\/uploads\/2023\/03\/41571-1086x1536.png 1086w, https:\/\/mllelouli.art\/wp-content\/uploads\/2023\/03\/41571-1448x2048.png 1448w, https:\/\/mllelouli.art\/wp-content\/uploads\/2023\/03\/41571-42x60.png 42w, https:\/\/mllelouli.art\/wp-content\/uploads\/2023\/03\/41571-600x849.png 600w\" sizes=\"(max-width: 724px) 100vw, 724px\" \/>\t\t\t\t\t\t\t\t\t\t\t\t\t\t\t<\/div>\n\t\t\t\t<\/div>\n\t\t\t\t\t<\/div>\n\t\t<\/div>\n\t\t\t\t<div class=\"elementor-column elementor-col-50 elementor-top-column elementor-element elementor-element-5892b90\" data-id=\"5892b90\" data-element_type=\"column\" data-e-type=\"column\">\n\t\t\t<div class=\"elementor-widget-wrap elementor-element-populated\">\n\t\t\t\t\t\t<div class=\"elementor-element elementor-element-2c8104e elementor-widget elementor-widget-text-editor\" data-id=\"2c8104e\" data-element_type=\"widget\" data-e-type=\"widget\" data-widget_type=\"text-editor.default\">\n\t\t\t\t<div class=\"elementor-widget-container\">\n\t\t\t\t\t\t\t\t\t<ul>\n<li>Bonjour \u00e0 tous ! Moi, c&rsquo;est Charlotte et mon nom d&rsquo;artiste, comme vous l&rsquo;aurez compris, c&rsquo;est MlleLouli !<\/li>\n<\/ul>\n<p>Je m&rsquo;inspire de mes aventures au quotidien, voyant la vie pleine de magie, je souhaite en partager ma vision positive. Pour vous donner quelques exemples&#8230; Qui vous dit que les perles de ros\u00e9es en sont vraiment ? Pourquoi ne seraient-elles pas des diamants d\u00e9licatements pos\u00e9es par des gnomes ? Hum &#8230; La science ? Ils sont tous endormis gr\u00e2ce aux f\u00e9es de l&rsquo;oubli, muhaha. La vie est pleine de magie, laissez donc votre coeur suivre la fantaisie !<\/p>\n<p>J&rsquo;ai fond\u00e9 une communaut\u00e9 active et joyeuse dans lequel je m&rsquo;\u00e9panouie.&nbsp; A travers divers march\u00e9s (surtout en \u00eele de France) je d\u00e9veloppe ma marque, mon inspiration et ma cr\u00e9ativit\u00e9. Ma boutique en est la meilleure interpr\u00e9tation.<\/p>\n<p>Sur ce site internet, je vous pr\u00e9sente mes travaux personnalis\u00e9s, mes travaux d&rsquo;imaginations ainsi que mes produits et mon financement Ulule.<\/p>\n<p>Rien qu&rsquo;un regard sur mon travail est un regard qui me rend heureuse.<\/p>\n<p>N&rsquo;oubliez pas mon slogan : \u00ab\u00a0Prennez le chemin de la magie !\u00a0\u00bb<\/p>\n<p><\/p>\t\t\t\t\t\t\t\t<\/div>\n\t\t\t\t<\/div>\n\t\t\t\t\t<\/div>\n\t\t<\/div>\n\t\t\t\t\t<\/div>\n\t\t<\/section>\n\t\t\t\t<\/div>\n\t\t","protected":false},"excerpt":{"rendered":"<p>Bonjour \u00e0 tous ! Moi, c&rsquo;est Charlotte et mon nom d&rsquo;artiste, comme vous l&rsquo;aurez compris, c&rsquo;est MlleLouli ! Je m&rsquo;inspire de mes aventures au quotidien, voyant la vie pleine de magie, je souhaite en partager ma vision positive. Pour vous donner quelques exemples&#8230; Qui vous dit que les perles de ros\u00e9es en sont vraiment ? &hellip; <\/p>\n","protected":false},"author":2,"featured_media":0,"parent":0,"menu_order":0,"comment_status":"closed","ping_status":"closed","template":"","meta":{"footnotes":""},"class_list":["post-295","page","type-page","status-publish","hentry"],"_links":{"self":[{"href":"https:\/\/mllelouli.art\/index.php\/wp-json\/wp\/v2\/pages\/295","targetHints":{"allow":["GET"]}}],"collection":[{"href":"https:\/\/mllelouli.art\/index.php\/wp-json\/wp\/v2\/pages"}],"about":[{"href":"https:\/\/mllelouli.art\/index.php\/wp-json\/wp\/v2\/types\/page"}],"author":[{"embeddable":true,"href":"https:\/\/mllelouli.art\/index.php\/wp-json\/wp\/v2\/users\/2"}],"replies":[{"embeddable":true,"href":"https:\/\/mllelouli.art\/index.php\/wp-json\/wp\/v2\/comments?post=295"}],"version-history":[{"count":38,"href":"https:\/\/mllelouli.art\/index.php\/wp-json\/wp\/v2\/pages\/295\/revisions"}],"predecessor-version":[{"id":611,"href":"https:\/\/mllelouli.art\/index.php\/wp-json\/wp\/v2\/pages\/295\/revisions\/611"}],"wp:attachment":[{"href":"https:\/\/mllelouli.art\/index.php\/wp-json\/wp\/v2\/media?parent=295"}],"curies":[{"name":"wp","href":"https:\/\/api.w.org\/{rel}","templated":true}]}}